{"id":8551,"date":"2023-04-28T15:34:59","date_gmt":"2023-04-28T13:34:59","guid":{"rendered":"https:\/\/www.lang-und-heyne.de\/caliber\/calibre-iii\/"},"modified":"2025-04-16T08:11:41","modified_gmt":"2025-04-16T06:11:41","slug":"calibre-iii","status":"publish","type":"caliber","link":"https:\/\/www.lang-und-heyne.de\/es\/caliber\/calibre-iii\/","title":{"rendered":"Calibre III"},"content":{"rendered":"\n<hr class=\"wp-block-separator has-alpha-channel-opacity\"\/>\n","protected":false},"featured_media":0,"parent":0,"menu_order":21,"template":"","class_list":["post-8551","caliber","type-caliber","status-publish","hentry"],"acf":{"bild":{"ID":8552,"id":8552,"title":"LH_Caliber_III","filename":"LH_Caliber_III.jpg","filesize":657077,"url":"https:\/\/www.lang-und-heyne.de\/dateien\/2023\/04\/LH_Caliber_III.jpg","link":"https:\/\/www.lang-und-heyne.de\/es\/caliber\/calibre-iii\/lh_caliber_iii-2\/","alt":"","author":"2","description":"","caption":"","name":"lh_caliber_iii-2","status":"inherit","uploaded_to":8551,"date":"2023-05-04 12:00:53","modified":"2023-05-04 12:00:53","menu_order":0,"mime_type":"image\/jpeg","type":"image","subtype":"jpeg","icon":"https:\/\/www.lang-und-heyne.de\/wp-includes\/images\/media\/default.png","width":1280,"height":1130,"sizes":{"thumbnail":"https:\/\/www.lang-und-heyne.de\/dateien\/2023\/04\/LH_Caliber_III-150x150.jpg","thumbnail-width":150,"thumbnail-height":150,"medium":"https:\/\/www.lang-und-heyne.de\/dateien\/2023\/04\/LH_Caliber_III-300x265.jpg","medium-width":300,"medium-height":265,"medium_large":"https:\/\/www.lang-und-heyne.de\/dateien\/2023\/04\/LH_Caliber_III-768x678.jpg","medium_large-width":768,"medium_large-height":678,"large":"https:\/\/www.lang-und-heyne.de\/dateien\/2023\/04\/LH_Caliber_III-1024x904.jpg","large-width":1024,"large-height":904,"1536x1536":"https:\/\/www.lang-und-heyne.de\/dateien\/2023\/04\/LH_Caliber_III.jpg","1536x1536-width":1280,"1536x1536-height":1130,"2048x2048":"https:\/\/www.lang-und-heyne.de\/dateien\/2023\/04\/LH_Caliber_III.jpg","2048x2048-width":1280,"2048x2048-height":1130,"post-thumbnail":"https:\/\/www.lang-und-heyne.de\/dateien\/2023\/04\/LH_Caliber_III-150x150.jpg","post-thumbnail-width":150,"post-thumbnail-height":150,"wide":"https:\/\/www.lang-und-heyne.de\/dateien\/2023\/04\/LH_Caliber_III.jpg","wide-width":1280,"wide-height":1130}},"info":"Die Mondphase zeigt sich in der kleinen Sekunde, gegen\u00fcber der Deklinationswinkel bei 12 Uhr. Die Erd- und Mondscheibe sind in Gold gefr\u00e4st und in Champlev\u00e9-Technik farbig emailliert. Das Datum und der Wochentag liegen bei 3 Uhr, der mitlaufende Monat symmetrisch dazu bei 9 Uhr. Die springende Datumsschaltung von Datum und Wochentag wird in der null-Uhr-Zeigerstellung ausgel\u00f6st. Komplettiert wird das Modell durch die Tag- und Nachtanzeige nahe dem Zentrum in einem polierten Goldchaton.","exploded":{"ID":8553,"id":8553,"title":"LH_Caliber_III_Explosionszeichnung","filename":"LH_Caliber_III_Explosionszeichnung.jpg","filesize":289064,"url":"https:\/\/www.lang-und-heyne.de\/dateien\/2023\/04\/LH_Caliber_III_Explosionszeichnung.jpg","link":"https:\/\/www.lang-und-heyne.de\/es\/caliber\/calibre-iii\/lh_caliber_iii_explosionszeichnung-2\/","alt":"","author":"2","description":"","caption":"","name":"lh_caliber_iii_explosionszeichnung-2","status":"inherit","uploaded_to":8551,"date":"2023-05-04 12:01:06","modified":"2023-05-04 12:01:06","menu_order":0,"mime_type":"image\/jpeg","type":"image","subtype":"jpeg","icon":"https:\/\/www.lang-und-heyne.de\/wp-includes\/images\/media\/default.png","width":720,"height":2168,"sizes":{"thumbnail":"https:\/\/www.lang-und-heyne.de\/dateien\/2023\/04\/LH_Caliber_III_Explosionszeichnung-150x150.jpg","thumbnail-width":150,"thumbnail-height":150,"medium":"https:\/\/www.lang-und-heyne.de\/dateien\/2023\/04\/LH_Caliber_III_Explosionszeichnung-100x300.jpg","medium-width":100,"medium-height":300,"medium_large":"https:\/\/www.lang-und-heyne.de\/dateien\/2023\/04\/LH_Caliber_III_Explosionszeichnung.jpg","medium_large-width":720,"medium_large-height":2168,"large":"https:\/\/www.lang-und-heyne.de\/dateien\/2023\/04\/LH_Caliber_III_Explosionszeichnung-340x1024.jpg","large-width":340,"large-height":1024,"1536x1536":"https:\/\/www.lang-und-heyne.de\/dateien\/2023\/04\/LH_Caliber_III_Explosionszeichnung-510x1536.jpg","1536x1536-width":510,"1536x1536-height":1536,"2048x2048":"https:\/\/www.lang-und-heyne.de\/dateien\/2023\/04\/LH_Caliber_III_Explosionszeichnung-680x2048.jpg","2048x2048-width":680,"2048x2048-height":2048,"post-thumbnail":"https:\/\/www.lang-und-heyne.de\/dateien\/2023\/04\/LH_Caliber_III_Explosionszeichnung-150x150.jpg","post-thumbnail-width":150,"post-thumbnail-height":150,"wide":"https:\/\/www.lang-und-heyne.de\/dateien\/2023\/04\/LH_Caliber_III_Explosionszeichnung.jpg","wide-width":720,"wide-height":2168}},"details":{"size":"Di\u00e1metro 16 \u00bc l\u00edneas (36,6 mm)<br \/>\nAltura 7,1 mm","frequency":"18.000 A\/h (2,5 Hz)<br \/>\nTiempo de funcionamiento 46 horas","parts":"216 piezas (incl. luna, tierra y<br \/>\ndisco de semana)<br \/>\n19 rub\u00edes, 1 diamante talla brillante ","functions":"Segundero descentralizado, d\u00eda de la semana, <br \/>\nfase lunar, mes <br \/>\nindicaci\u00f3n de d\u00eda y noche, declinaci\u00f3n"},"extrainfo":{"header":"Declinaci\u00f3n - visualizaci\u00f3n de la inclinaci\u00f3n de la Tierra","text":"\u00bfQu\u00e9 causa las estaciones del a\u00f1o o la variaci\u00f3n en la duraci\u00f3n del d\u00eda y la noche?\nLas indicaciones del amanecer, el atardecer o la ecuaci\u00f3n del tiempo son bien conocidas. Todas ellas se basan en un principio com\u00fan: el \u00e1ngulo variable con el que los rayos del sol inciden sobre la superficie terrestre.<br>La inclinaci\u00f3n del eje terrestre con respecto a la ecl\u00edptica \u2014de 23,5\u00b0\u2014 y la \u00f3rbita de la Tierra alrededor del Sol provocan que los rayos solares incidan alternativamente con mayor intensidad en el hemisferio norte o en el hemisferio sur.<br>Por primera vez en el mundo, Lang & Heyne presenta una visualizaci\u00f3n directa del \u00e1ngulo de declinaci\u00f3n solar, es decir, el \u00e1ngulo entre los rayos solares y el ecuador terrestre.<br>La representaci\u00f3n estacional de la Tierra es controlada por un disco de curva especialmente dise\u00f1ado.<br>Los discos terrestres esmaltados est\u00e1n disponibles en tres versiones.     \n\n<img src=\"\/dateien\/2023\/05\/LH_Moritz_Detail_Erdscheiben.jpg\">","bild":{"ID":8555,"id":8555,"title":"LH_Moritz_Deklination-Prinzip","filename":"LH_Moritz_Deklination-Prinzip.gif","filesize":3776724,"url":"https:\/\/www.lang-und-heyne.de\/dateien\/2023\/04\/LH_Moritz_Deklination-Prinzip.gif","link":"https:\/\/www.lang-und-heyne.de\/es\/caliber\/calibre-iii\/lh_moritz_deklination-prinzip-2\/","alt":"","author":"2","description":"","caption":"","name":"lh_moritz_deklination-prinzip-2","status":"inherit","uploaded_to":8551,"date":"2023-05-11 14:08:06","modified":"2023-05-11 14:08:06","menu_order":0,"mime_type":"image\/gif","type":"image","subtype":"gif","icon":"https:\/\/www.lang-und-heyne.de\/wp-includes\/images\/media\/default.png","width":500,"height":400,"sizes":{"thumbnail":"https:\/\/www.lang-und-heyne.de\/dateien\/2023\/04\/LH_Moritz_Deklination-Prinzip-150x150.gif","thumbnail-width":150,"thumbnail-height":150,"medium":"https:\/\/www.lang-und-heyne.de\/dateien\/2023\/04\/LH_Moritz_Deklination-Prinzip-300x240.gif","medium-width":300,"medium-height":240,"medium_large":"https:\/\/www.lang-und-heyne.de\/dateien\/2023\/04\/LH_Moritz_Deklination-Prinzip.gif","medium_large-width":500,"medium_large-height":400,"large":"https:\/\/www.lang-und-heyne.de\/dateien\/2023\/04\/LH_Moritz_Deklination-Prinzip.gif","large-width":500,"large-height":400,"1536x1536":"https:\/\/www.lang-und-heyne.de\/dateien\/2023\/04\/LH_Moritz_Deklination-Prinzip.gif","1536x1536-width":500,"1536x1536-height":400,"2048x2048":"https:\/\/www.lang-und-heyne.de\/dateien\/2023\/04\/LH_Moritz_Deklination-Prinzip.gif","2048x2048-width":500,"2048x2048-height":400,"post-thumbnail":"https:\/\/www.lang-und-heyne.de\/dateien\/2023\/04\/LH_Moritz_Deklination-Prinzip-150x150.gif","post-thumbnail-width":150,"post-thumbnail-height":150,"wide":"https:\/\/www.lang-und-heyne.de\/dateien\/2023\/04\/LH_Moritz_Deklination-Prinzip.gif","wide-width":500,"wide-height":400}},"bildposition":true,"linktext":"Saber m\u00e1s","target":""}},"wpml_current_locale":"es_ES","wpml_translations":{"en_US":{"locale":"en_US","id":3632,"slug":"caliber-iii","post_title":"Caliber III","href":"https:\/\/www.lang-und-heyne.de\/en\/caliber\/caliber-iii\/"},"de_DE":{"locale":"de_DE","id":1444,"slug":"caliber-iii","post_title":"Caliber III","href":"https:\/\/www.lang-und-heyne.de\/caliber\/caliber-iii\/"},"fr_FR":{"locale":"fr_FR","id":8328,"slug":"caliber-iii","post_title":"Caliber III","href":"https:\/\/www.lang-und-heyne.de\/fr\/caliber\/caliber-iii\/"},"ja":{"locale":"ja","id":3175,"slug":"caliber-iii","post_title":"\u30ad\u30e3\u30ea\u30d0\u30fcIII","href":"https:\/\/www.lang-und-heyne.de\/ja\/caliber\/caliber-iii\/"},"zh_CN":{"locale":"zh_CN","id":4222,"slug":"caliber-iii","post_title":"Caliber III","href":"https:\/\/www.lang-und-heyne.de\/zh-hans\/caliber\/caliber-iii\/"}},"_links":{"self":[{"href":"https:\/\/www.lang-und-heyne.de\/es\/wp-json\/wp\/v2\/caliber\/8551","targetHints":{"allow":["GET"]}}],"collection":[{"href":"https:\/\/www.lang-und-heyne.de\/es\/wp-json\/wp\/v2\/caliber"}],"about":[{"href":"https:\/\/www.lang-und-heyne.de\/es\/wp-json\/wp\/v2\/types\/caliber"}],"version-history":[{"count":1,"href":"https:\/\/www.lang-und-heyne.de\/es\/wp-json\/wp\/v2\/caliber\/8551\/revisions"}],"predecessor-version":[{"id":8556,"href":"https:\/\/www.lang-und-heyne.de\/es\/wp-json\/wp\/v2\/caliber\/8551\/revisions\/8556"}],"wp:attachment":[{"href":"https:\/\/www.lang-und-heyne.de\/es\/wp-json\/wp\/v2\/media?parent=8551"}],"curies":[{"name":"wp","href":"https:\/\/api.w.org\/{rel}","templated":true}]}}

Die Mondphase zeigt sich in der kleinen Sekunde, gegenüber der Deklinationswinkel bei 12 Uhr. Die Erd- und Mondscheibe sind in Gold gefräst und in Champlevé-Technik farbig emailliert. Das Datum und der Wochentag liegen bei 3 Uhr, der mitlaufende Monat symmetrisch dazu bei 9 Uhr. Die springende Datumsschaltung von Datum und Wochentag wird in der null-Uhr-Zeigerstellung ausgelöst. Komplettiert wird das Modell durch die Tag- und Nachtanzeige nahe dem Zentrum in einem polierten Goldchaton.

Diámetro 16 ¼ líneas (36,6 mm)<br />
Altura 7,1 mm

216 piezas (incl. luna, tierra y<br />
disco de semana)<br />
19 rubíes, 1 diamante talla brillante

Segundero descentralizado, día de la semana, <br />
fase lunar, mes <br />
indicación de día y noche, declinación

Declinación - visualización de la inclinación de la Tierra

¿Qué causa las estaciones del año o la variación en la duración del día y la noche?
Las indicaciones del amanecer, el atardecer o la ecuación del tiempo son bien conocidas. Todas ellas se basan en un principio común: el ángulo variable con el que los rayos del sol inciden sobre la superficie terrestre.<br>La inclinación del eje terrestre con respecto a la eclíptica —de 23,5°— y la órbita de la Tierra alrededor del Sol provocan que los rayos solares incidan alternativamente con mayor intensidad en el hemisferio norte o en el hemisferio sur.<br>Por primera vez en el mundo, Lang & Heyne presenta una visualización directa del ángulo de declinación solar, es decir, el ángulo entre los rayos solares y el ecuador terrestre.<br>La representación estacional de la Tierra es controlada por un disco de curva especialmente diseñado.<br>Los discos terrestres esmaltados están disponibles en tres versiones.     

<img src="/dateien/2023/05/LH_Moritz_Detail_Erdscheiben.jpg">

Saber más

キャリバーIII
