{"id":7137,"date":"2024-03-25T15:30:38","date_gmt":"2024-03-25T14:30:38","guid":{"rendered":"https:\/\/www.lang-und-heyne.de\/pulsa\/"},"modified":"2024-03-25T15:30:38","modified_gmt":"2024-03-25T14:30:38","slug":"pulsa","status":"publish","type":"page","link":"https:\/\/www.lang-und-heyne.de\/es\/pulsa\/","title":{"rendered":"Pulsa"},"content":{"rendered":"","protected":false},"excerpt":{"rendered":"","protected":false},"author":5,"featured_media":0,"parent":0,"menu_order":20,"comment_status":"closed","ping_status":"closed","template":"","meta":{"_acf_changed":false,"footnotes":""},"class_list":["post-7137","page","type-page","status-publish","hentry"],"acf":{"start":[{"acf_fc_layout":"textbild","header":"Bienvenido a","anchor":true,"order":false,"bigtext":false,"bild":{"ID":7214,"id":7214,"title":"LH-Kachel-Presse-Neu","filename":"LH-Kachel-Presse-Neu.jpg","filesize":387327,"url":"https:\/\/www.lang-und-heyne.de\/dateien\/2024\/05\/LH-Kachel-Presse-Neu.jpg","link":"https:\/\/www.lang-und-heyne.de\/es\/servicio\/lh-kachel-presse-neu-2\/","alt":"","author":"5","description":"","caption":"","name":"lh-kachel-presse-neu-2","status":"inherit","uploaded_to":7208,"date":"2024-05-14 19:58:15","modified":"2024-05-14 19:58:15","menu_order":0,"mime_type":"image\/jpeg","type":"image","subtype":"jpeg","icon":"https:\/\/www.lang-und-heyne.de\/wp-includes\/images\/media\/default.png","width":1000,"height":705,"sizes":{"thumbnail":"https:\/\/www.lang-und-heyne.de\/dateien\/2024\/05\/LH-Kachel-Presse-Neu-150x150.jpg","thumbnail-width":150,"thumbnail-height":150,"medium":"https:\/\/www.lang-und-heyne.de\/dateien\/2024\/05\/LH-Kachel-Presse-Neu-300x212.jpg","medium-width":300,"medium-height":212,"medium_large":"https:\/\/www.lang-und-heyne.de\/dateien\/2024\/05\/LH-Kachel-Presse-Neu-768x541.jpg","medium_large-width":768,"medium_large-height":541,"large":"https:\/\/www.lang-und-heyne.de\/dateien\/2024\/05\/LH-Kachel-Presse-Neu.jpg","large-width":1000,"large-height":705,"1536x1536":"https:\/\/www.lang-und-heyne.de\/dateien\/2024\/05\/LH-Kachel-Presse-Neu.jpg","1536x1536-width":1000,"1536x1536-height":705,"2048x2048":"https:\/\/www.lang-und-heyne.de\/dateien\/2024\/05\/LH-Kachel-Presse-Neu.jpg","2048x2048-width":1000,"2048x2048-height":705,"post-thumbnail":"https:\/\/www.lang-und-heyne.de\/dateien\/2024\/05\/LH-Kachel-Presse-Neu-150x150.jpg","post-thumbnail-width":150,"post-thumbnail-height":150,"wide":"https:\/\/www.lang-und-heyne.de\/dateien\/2024\/05\/LH-Kachel-Presse-Neu.jpg","wide-width":1000,"wide-height":705}},"sub":"","text":"\u00a1Bienvenido a Lang & Heyne! Gracias por tu inter\u00e9s en nuestra marca y nuestros productos. Como periodistas y editores de medios de comunicaci\u00f3n, sois una parte importante de nuestra comunidad y queremos asegurarnos de que ten\u00e9is acceso a toda la informaci\u00f3n relevante. Ya sea sobre nuestras \u00faltimas colecciones, las noticias de la empresa o nuestro compromiso social, estamos aqu\u00ed para ayudarte.   <br \/>\n<br \/>\n\u00bfNecesitas material para tu informe o quieres concertar una entrevista con uno de nuestros empleados? \u00a1No hay problema! Estaremos encantados de recibir tu consulta.  ","link":"","target":"","zusatzbild":false,"bild2":false,"ausrichtung":false,"sub2":""},{"acf_fc_layout":"textbild","header":"Nuestro cat\u00e1logo de servicios","anchor":true,"order":true,"bigtext":false,"bild":false,"sub":"","text":"","link":"","target":"","zusatzbild":false,"bild2":false,"ausrichtung":false,"sub2":""},{"acf_fc_layout":"text","text":"<p><strong>Informaci\u00f3n sobre la empresa:<\/strong><\/p>\n<ul>\n<li>Una descripci\u00f3n detallada de nuestra empresa, incluyendo nuestra historia, misi\u00f3n, visi\u00f3n y valores.<\/li>\n<li>Informaci\u00f3n adicional sobre nuestra empresa, nuestros relojeros, procesos de producci\u00f3n y desarrollos, as\u00ed como otros temas relevantes.<\/li>\n<\/ul>\n<p><strong><br \/>\nInformaci\u00f3n sobre el producto:<\/strong><\/p>\n<ul>\n<li>Informaci\u00f3n completa sobre nuestros relojes y desarrollos especiales, incluyendo especificaciones t\u00e9cnicas, caracter\u00edsticas \u00fanicas y ediciones actuales.\n<ul>\n<li><a href=\"https:\/\/www.lang-und-heyne.de\/kollektion\/\">A la colecci\u00f3n<\/a><\/li>\n<\/ul>\n<\/li>\n<\/ul>\n<p><strong><br \/>\nComunicados de prensa:<\/strong><\/p>\n<ul>\n<li>Accede a los \u00faltimos comunicados de prensa, noticias de la empresa y anuncios de productos.<\/li>\n<li>Im\u00e1genes y gr\u00e1ficos de alta calidad imprimibles para tu uso editorial.<\/li>\n<\/ul>\n<p><strong><br \/>\nEntrevistas y eventos:<\/strong><\/p>\n<ul>\n<li>La oportunidad de concertar entrevistas con directivos, relojeros, financieros u otras personas relevantes de nuestra empresa.<\/li>\n<li>Invitaciones a actos de prensa, presentaciones de productos, ferias y otros eventos importantes.<\/li>\n<\/ul>\n<p><strong><br \/>\nCooperaciones y medios sociales:<\/strong><\/p>\n<ul>\n<li>Informaci\u00f3n sobre posibles cooperaciones, asociaciones o patrocinios con nuestra empresa.<\/li>\n<li>Enlaces a nuestros perfiles oficiales en las redes sociales para conocer las \u00faltimas actualizaciones y contenidos.\n<ul>\n<li><a href=\"https:\/\/www.instagram.com\/langheyne\/\">Instagram<\/a><\/li>\n<li><a href=\"https:\/\/www.facebook.com\/LangHeyne\">Facebook<\/a><\/li>\n<\/ul>\n<\/li>\n<\/ul>\n"},{"acf_fc_layout":"textbild","header":"Persona de contacto","anchor":true,"order":false,"bigtext":false,"bild":{"ID":7138,"id":7138,"title":"LH_DJ_Presse","filename":"LH_DJ_Presse.jpg","filesize":257872,"url":"https:\/\/www.lang-und-heyne.de\/dateien\/2024\/03\/LH_DJ_Presse.jpg","link":"https:\/\/www.lang-und-heyne.de\/es\/pulsa\/lh_dj_presse-2\/","alt":"","author":"5","description":"","caption":"","name":"lh_dj_presse-2","status":"inherit","uploaded_to":7137,"date":"2024-03-25 14:23:29","modified":"2024-03-25 14:23:29","menu_order":0,"mime_type":"image\/jpeg","type":"image","subtype":"jpeg","icon":"https:\/\/www.lang-und-heyne.de\/wp-includes\/images\/media\/default.png","width":1000,"height":705,"sizes":{"thumbnail":"https:\/\/www.lang-und-heyne.de\/dateien\/2024\/03\/LH_DJ_Presse-150x150.jpg","thumbnail-width":150,"thumbnail-height":150,"medium":"https:\/\/www.lang-und-heyne.de\/dateien\/2024\/03\/LH_DJ_Presse-300x212.jpg","medium-width":300,"medium-height":212,"medium_large":"https:\/\/www.lang-und-heyne.de\/dateien\/2024\/03\/LH_DJ_Presse-768x541.jpg","medium_large-width":768,"medium_large-height":541,"large":"https:\/\/www.lang-und-heyne.de\/dateien\/2024\/03\/LH_DJ_Presse.jpg","large-width":1000,"large-height":705,"1536x1536":"https:\/\/www.lang-und-heyne.de\/dateien\/2024\/03\/LH_DJ_Presse.jpg","1536x1536-width":1000,"1536x1536-height":705,"2048x2048":"https:\/\/www.lang-und-heyne.de\/dateien\/2024\/03\/LH_DJ_Presse.jpg","2048x2048-width":1000,"2048x2048-height":705,"post-thumbnail":"https:\/\/www.lang-und-heyne.de\/dateien\/2024\/03\/LH_DJ_Presse-150x150.jpg","post-thumbnail-width":150,"post-thumbnail-height":150,"wide":"https:\/\/www.lang-und-heyne.de\/dateien\/2024\/03\/LH_DJ_Presse.jpg","wide-width":1000,"wide-height":705}},"sub":"","text":"Estamos a tu disposici\u00f3n para consultas de prensa. Ponte en contacto con nosotros directamente: <br \/>\n<br \/>\nDominique Jahn<br \/>\nMarketing<br \/>\nd.jahn@langheyne.de<br \/>\n+49 351 212936-64<br \/>\n<br \/>\nEsperamos tener noticias tuyas y ayudarte con tus preocupaciones.","link":"","target":"","zusatzbild":false,"bild2":false,"ausrichtung":false,"sub2":""}],"slide":false},"wpml_current_locale":"es_ES","wpml_translations":{"en_US":{"locale":"en_US","id":6085,"slug":"press","post_title":"Press","href":"https:\/\/www.lang-und-heyne.de\/en\/press\/"},"de_DE":{"locale":"de_DE","id":6059,"slug":"presse","post_title":"Presse","href":"https:\/\/www.lang-und-heyne.de\/presse\/"},"fr_FR":{"locale":"fr_FR","id":7135,"slug":"presse-2","post_title":"Presse","href":"https:\/\/www.lang-und-heyne.de\/fr\/presse-2\/"},"ja":{"locale":"ja","id":6086,"slug":"press","post_title":"\u30d7\u30ec\u30b9","href":"https:\/\/www.lang-und-heyne.de\/ja\/press\/"},"zh_CN":{"locale":"zh_CN","id":6087,"slug":"press","post_title":"\u65b0\u95fb","href":"https:\/\/www.lang-und-heyne.de\/zh-hans\/press\/"}},"_links":{"self":[{"href":"https:\/\/www.lang-und-heyne.de\/es\/wp-json\/wp\/v2\/pages\/7137","targetHints":{"allow":["GET"]}}],"collection":[{"href":"https:\/\/www.lang-und-heyne.de\/es\/wp-json\/wp\/v2\/pages"}],"about":[{"href":"https:\/\/www.lang-und-heyne.de\/es\/wp-json\/wp\/v2\/types\/page"}],"author":[{"embeddable":true,"href":"https:\/\/www.lang-und-heyne.de\/es\/wp-json\/wp\/v2\/users\/5"}],"replies":[{"embeddable":true,"href":"https:\/\/www.lang-und-heyne.de\/es\/wp-json\/wp\/v2\/comments?post=7137"}],"version-history":[{"count":0,"href":"https:\/\/www.lang-und-heyne.de\/es\/wp-json\/wp\/v2\/pages\/7137\/revisions"}],"wp:attachment":[{"href":"https:\/\/www.lang-und-heyne.de\/es\/wp-json\/wp\/v2\/media?parent=7137"}],"curies":[{"name":"wp","href":"https:\/\/api.w.org\/{rel}","templated":true}]}}

¡Bienvenido a Lang & Heyne! Gracias por tu interés en nuestra marca y nuestros productos. Como periodistas y editores de medios de comunicación, sois una parte importante de nuestra comunidad y queremos asegurarnos de que tenéis acceso a toda la información relevante. Ya sea sobre nuestras últimas colecciones, las noticias de la empresa o nuestro compromiso social, estamos aquí para ayudarte.   <br />
<br />
¿Necesitas material para tu informe o quieres concertar una entrevista con uno de nuestros empleados? ¡No hay problema! Estaremos encantados de recibir tu consulta.

Nuestro catálogo de servicios

<p><strong>Información sobre la empresa:</strong></p>
<ul>
<li>Una descripción detallada de nuestra empresa, incluyendo nuestra historia, misión, visión y valores.</li>
<li>Información adicional sobre nuestra empresa, nuestros relojeros, procesos de producción y desarrollos, así como otros temas relevantes.</li>
</ul>
<p><strong><br />
Información sobre el producto:</strong></p>
<ul>
<li>Información completa sobre nuestros relojes y desarrollos especiales, incluyendo especificaciones técnicas, características únicas y ediciones actuales.
<ul>
<li><a href="https://www.lang-und-heyne.de/kollektion/">A la colección</a></li>
</ul>
</li>
</ul>
<p><strong><br />
Comunicados de prensa:</strong></p>
<ul>
<li>Accede a los últimos comunicados de prensa, noticias de la empresa y anuncios de productos.</li>
<li>Imágenes y gráficos de alta calidad imprimibles para tu uso editorial.</li>
</ul>
<p><strong><br />
Entrevistas y eventos:</strong></p>
<ul>
<li>La oportunidad de concertar entrevistas con directivos, relojeros, financieros u otras personas relevantes de nuestra empresa.</li>
<li>Invitaciones a actos de prensa, presentaciones de productos, ferias y otros eventos importantes.</li>
</ul>
<p><strong><br />
Cooperaciones y medios sociales:</strong></p>
<ul>
<li>Información sobre posibles cooperaciones, asociaciones o patrocinios con nuestra empresa.</li>
<li>Enlaces a nuestros perfiles oficiales en las redes sociales para conocer las últimas actualizaciones y contenidos.
<ul>
<li><a href="https://www.instagram.com/langheyne/">Instagram</a></li>
<li><a href="https://www.facebook.com/LangHeyne">Facebook</a></li>
</ul>
</li>
</ul>

Estamos a tu disposición para consultas de prensa. Ponte en contacto con nosotros directamente: <br />
<br />
Dominique Jahn<br />
Marketing<br />
d.jahn@langheyne.de<br />
+49 351 212936-64<br />
<br />
Esperamos tener noticias tuyas y ayudarte con tus preocupaciones.

プレス

新闻
