{"id":7549,"date":"2023-06-12T10:56:05","date_gmt":"2023-06-12T08:56:05","guid":{"rendered":"https:\/\/www.lang-und-heyne.de\/404-2\/"},"modified":"2025-04-16T08:48:18","modified_gmt":"2025-04-16T06:48:18","slug":"404-2","status":"publish","type":"page","link":"https:\/\/www.lang-und-heyne.de\/es\/404-2\/","title":{"rendered":"404"},"content":{"rendered":"","protected":false},"excerpt":{"rendered":"","protected":false},"author":2,"featured_media":0,"parent":0,"menu_order":108,"comment_status":"closed","ping_status":"closed","template":"","meta":{"_acf_changed":false,"footnotes":""},"class_list":["post-7549","page","type-page","status-publish","hentry"],"acf":{"start":[{"acf_fc_layout":"textbild","header":"","anchor":true,"order":true,"bigtext":true,"bild":{"ID":7986,"id":7986,"title":"LH_Georg_Detail_Woelbung","filename":"LH_Georg_Detail_Woelbung.jpg","filesize":219116,"url":"https:\/\/www.lang-und-heyne.de\/dateien\/2022\/10\/LH_Georg_Detail_Woelbung.jpg","link":"https:\/\/www.lang-und-heyne.de\/es\/modelle\/george\/lh_georg_detail_woelbung-2\/","alt":"","author":"2","description":"","caption":"","name":"lh_georg_detail_woelbung-2","status":"inherit","uploaded_to":7960,"date":"2023-04-21 09:53:58","modified":"2023-04-21 09:53:58","menu_order":0,"mime_type":"image\/jpeg","type":"image","subtype":"jpeg","icon":"https:\/\/www.lang-und-heyne.de\/wp-includes\/images\/media\/default.png","width":1500,"height":960,"sizes":{"thumbnail":"https:\/\/www.lang-und-heyne.de\/dateien\/2022\/10\/LH_Georg_Detail_Woelbung-150x150.jpg","thumbnail-width":150,"thumbnail-height":150,"medium":"https:\/\/www.lang-und-heyne.de\/dateien\/2022\/10\/LH_Georg_Detail_Woelbung-300x192.jpg","medium-width":300,"medium-height":192,"medium_large":"https:\/\/www.lang-und-heyne.de\/dateien\/2022\/10\/LH_Georg_Detail_Woelbung-768x492.jpg","medium_large-width":768,"medium_large-height":492,"large":"https:\/\/www.lang-und-heyne.de\/dateien\/2022\/10\/LH_Georg_Detail_Woelbung-1024x655.jpg","large-width":1024,"large-height":655,"1536x1536":"https:\/\/www.lang-und-heyne.de\/dateien\/2022\/10\/LH_Georg_Detail_Woelbung.jpg","1536x1536-width":1500,"1536x1536-height":960,"2048x2048":"https:\/\/www.lang-und-heyne.de\/dateien\/2022\/10\/LH_Georg_Detail_Woelbung.jpg","2048x2048-width":1500,"2048x2048-height":960,"post-thumbnail":"https:\/\/www.lang-und-heyne.de\/dateien\/2022\/10\/LH_Georg_Detail_Woelbung-150x150.jpg","post-thumbnail-width":150,"post-thumbnail-height":150,"wide":"https:\/\/www.lang-und-heyne.de\/dateien\/2022\/10\/LH_Georg_Detail_Woelbung-1400x896.jpg","wide-width":1400,"wide-height":896}},"sub":"Est\u00e1bamos en revisi\u00f3n para seguir ofreci\u00e9ndote informaci\u00f3n y funciones tan precisas como nuestros relojes.","text":"Como en un reloj mec\u00e1nico, a veces se requieren peque\u00f1os ajustes para garantizar la perfecta armon\u00eda entre engranajes y funciones.<br>Gracias a nuestra \u201crevisi\u00f3n general\u201d, ahora podr\u00e1s descubrir nuestro sitio web en un nuevo formato. Por ello, este enlace ya no est\u00e1 disponible.  ","link":"Descubre algo nuevo","target":"https:\/\/www.lang-und-heyne.de\/es\/start\/","zusatzbild":false,"bild2":false,"ausrichtung":false,"sub2":""},{"acf_fc_layout":"threeblocks","block":[{"header":"El Camino Hacia El Guardatiempo","bild":{"ID":7609,"id":7609,"title":"LH_Kachel_WegZurUhr","filename":"LH_Kachel_WegZurUhr.jpg","filesize":273437,"url":"https:\/\/www.lang-und-heyne.de\/dateien\/2023\/08\/LH_Kachel_WegZurUhr.jpg","link":"https:\/\/www.lang-und-heyne.de\/es\/artesania\/idea\/lh_kachel_wegzuruhr-2\/","alt":"","author":"5","description":"","caption":"","name":"lh_kachel_wegzuruhr-2","status":"inherit","uploaded_to":7608,"date":"2023-08-24 12:35:10","modified":"2023-08-24 12:35:10","menu_order":0,"mime_type":"image\/jpeg","type":"image","subtype":"jpeg","icon":"https:\/\/www.lang-und-heyne.de\/wp-includes\/images\/media\/default.png","width":1000,"height":640,"sizes":{"thumbnail":"https:\/\/www.lang-und-heyne.de\/dateien\/2023\/08\/LH_Kachel_WegZurUhr-150x150.jpg","thumbnail-width":150,"thumbnail-height":150,"medium":"https:\/\/www.lang-und-heyne.de\/dateien\/2023\/08\/LH_Kachel_WegZurUhr-300x192.jpg","medium-width":300,"medium-height":192,"medium_large":"https:\/\/www.lang-und-heyne.de\/dateien\/2023\/08\/LH_Kachel_WegZurUhr-768x492.jpg","medium_large-width":768,"medium_large-height":492,"large":"https:\/\/www.lang-und-heyne.de\/dateien\/2023\/08\/LH_Kachel_WegZurUhr.jpg","large-width":1000,"large-height":640,"1536x1536":"https:\/\/www.lang-und-heyne.de\/dateien\/2023\/08\/LH_Kachel_WegZurUhr.jpg","1536x1536-width":1000,"1536x1536-height":640,"2048x2048":"https:\/\/www.lang-und-heyne.de\/dateien\/2023\/08\/LH_Kachel_WegZurUhr.jpg","2048x2048-width":1000,"2048x2048-height":640,"post-thumbnail":"https:\/\/www.lang-und-heyne.de\/dateien\/2023\/08\/LH_Kachel_WegZurUhr-150x150.jpg","post-thumbnail-width":150,"post-thumbnail-height":150,"wide":"https:\/\/www.lang-und-heyne.de\/dateien\/2023\/08\/LH_Kachel_WegZurUhr.jpg","wide-width":1000,"wide-height":640}},"link":"https:\/\/www.lang-und-heyne.de\/es\/artesania\/","beschriftung":"Explora la precisi\u00f3n, la artesan\u00eda y la pasi\u00f3n que dan vida a los relojes de alta gama de Lang & Heyne."},{"header":"Colecci\u00f3n","bild":{"ID":7597,"id":7597,"title":"LH_Kachel-Kollektion","filename":"LH_Kachel-Kollektion.jpg","filesize":486103,"url":"https:\/\/www.lang-und-heyne.de\/dateien\/2024\/03\/LH_Kachel-Kollektion.jpg","link":"https:\/\/www.lang-und-heyne.de\/es\/artesania\/montaje\/lh_kachel-kollektion-2\/","alt":"","author":"5","description":"","caption":"","name":"lh_kachel-kollektion-2","status":"inherit","uploaded_to":7591,"date":"2024-03-05 09:01:45","modified":"2024-03-05 09:01:45","menu_order":0,"mime_type":"image\/jpeg","type":"image","subtype":"jpeg","icon":"https:\/\/www.lang-und-heyne.de\/wp-includes\/images\/media\/default.png","width":1000,"height":640,"sizes":{"thumbnail":"https:\/\/www.lang-und-heyne.de\/dateien\/2024\/03\/LH_Kachel-Kollektion-150x150.jpg","thumbnail-width":150,"thumbnail-height":150,"medium":"https:\/\/www.lang-und-heyne.de\/dateien\/2024\/03\/LH_Kachel-Kollektion-300x192.jpg","medium-width":300,"medium-height":192,"medium_large":"https:\/\/www.lang-und-heyne.de\/dateien\/2024\/03\/LH_Kachel-Kollektion-768x492.jpg","medium_large-width":768,"medium_large-height":492,"large":"https:\/\/www.lang-und-heyne.de\/dateien\/2024\/03\/LH_Kachel-Kollektion.jpg","large-width":1000,"large-height":640,"1536x1536":"https:\/\/www.lang-und-heyne.de\/dateien\/2024\/03\/LH_Kachel-Kollektion.jpg","1536x1536-width":1000,"1536x1536-height":640,"2048x2048":"https:\/\/www.lang-und-heyne.de\/dateien\/2024\/03\/LH_Kachel-Kollektion.jpg","2048x2048-width":1000,"2048x2048-height":640,"post-thumbnail":"https:\/\/www.lang-und-heyne.de\/dateien\/2024\/03\/LH_Kachel-Kollektion-150x150.jpg","post-thumbnail-width":150,"post-thumbnail-height":150,"wide":"https:\/\/www.lang-und-heyne.de\/dateien\/2024\/03\/LH_Kachel-Kollektion.jpg","wide-width":1000,"wide-height":640}},"link":"https:\/\/www.lang-und-heyne.de\/es\/coleccion\/","beschriftung":"Experimenta la elegancia atemporal y la artesan\u00eda de nuestra colecci\u00f3n."},{"header":"Distribuidores Autorizados","bild":{"ID":7551,"id":7551,"title":"LH_Kachel-Kauf","filename":"LH_Kachel-Kauf.jpg","filesize":378902,"url":"https:\/\/www.lang-und-heyne.de\/dateien\/2024\/03\/LH_Kachel-Kauf.jpg","link":"https:\/\/www.lang-und-heyne.de\/es\/404-2\/lh_kachel-kauf-2\/","alt":"","author":"5","description":"","caption":"","name":"lh_kachel-kauf-2","status":"inherit","uploaded_to":7549,"date":"2024-03-05 11:59:30","modified":"2024-03-05 11:59:30","menu_order":0,"mime_type":"image\/jpeg","type":"image","subtype":"jpeg","icon":"https:\/\/www.lang-und-heyne.de\/wp-includes\/images\/media\/default.png","width":1000,"height":640,"sizes":{"thumbnail":"https:\/\/www.lang-und-heyne.de\/dateien\/2024\/03\/LH_Kachel-Kauf-150x150.jpg","thumbnail-width":150,"thumbnail-height":150,"medium":"https:\/\/www.lang-und-heyne.de\/dateien\/2024\/03\/LH_Kachel-Kauf-300x192.jpg","medium-width":300,"medium-height":192,"medium_large":"https:\/\/www.lang-und-heyne.de\/dateien\/2024\/03\/LH_Kachel-Kauf-768x492.jpg","medium_large-width":768,"medium_large-height":492,"large":"https:\/\/www.lang-und-heyne.de\/dateien\/2024\/03\/LH_Kachel-Kauf.jpg","large-width":1000,"large-height":640,"1536x1536":"https:\/\/www.lang-und-heyne.de\/dateien\/2024\/03\/LH_Kachel-Kauf.jpg","1536x1536-width":1000,"1536x1536-height":640,"2048x2048":"https:\/\/www.lang-und-heyne.de\/dateien\/2024\/03\/LH_Kachel-Kauf.jpg","2048x2048-width":1000,"2048x2048-height":640,"post-thumbnail":"https:\/\/www.lang-und-heyne.de\/dateien\/2024\/03\/LH_Kachel-Kauf-150x150.jpg","post-thumbnail-width":150,"post-thumbnail-height":150,"wide":"https:\/\/www.lang-und-heyne.de\/dateien\/2024\/03\/LH_Kachel-Kauf.jpg","wide-width":1000,"wide-height":640}},"link":"https:\/\/www.lang-und-heyne.de\/es\/comercio-especializado\/","beschriftung":"Presencia local en todo el mundo"}]}],"slide":[{"bild__video":true,"bild":{"ID":7550,"id":7550,"title":"LH_404_Revision_Seite-nicht-gefunden","filename":"LH_404_Revision_Seite-nicht-gefunden.webp","filesize":153100,"url":"https:\/\/www.lang-und-heyne.de\/dateien\/2023\/06\/LH_404_Revision_Seite-nicht-gefunden.webp","link":"https:\/\/www.lang-und-heyne.de\/es\/404-2\/lh_404_revision_seite-nicht-gefunden-2\/","alt":"","author":"5","description":"","caption":"","name":"lh_404_revision_seite-nicht-gefunden-2","status":"inherit","uploaded_to":7549,"date":"2023-06-26 09:14:53","modified":"2023-06-26 09:14:53","menu_order":0,"mime_type":"image\/webp","type":"image","subtype":"webp","icon":"https:\/\/www.lang-und-heyne.de\/wp-includes\/images\/media\/default.png","width":1920,"height":1000,"sizes":{"thumbnail":"https:\/\/www.lang-und-heyne.de\/dateien\/2023\/06\/LH_404_Revision_Seite-nicht-gefunden-150x150.webp","thumbnail-width":150,"thumbnail-height":150,"medium":"https:\/\/www.lang-und-heyne.de\/dateien\/2023\/06\/LH_404_Revision_Seite-nicht-gefunden-300x156.webp","medium-width":300,"medium-height":156,"medium_large":"https:\/\/www.lang-und-heyne.de\/dateien\/2023\/06\/LH_404_Revision_Seite-nicht-gefunden-768x400.webp","medium_large-width":768,"medium_large-height":400,"large":"https:\/\/www.lang-und-heyne.de\/dateien\/2023\/06\/LH_404_Revision_Seite-nicht-gefunden-1024x533.webp","large-width":1024,"large-height":533,"1536x1536":"https:\/\/www.lang-und-heyne.de\/dateien\/2023\/06\/LH_404_Revision_Seite-nicht-gefunden-1536x800.webp","1536x1536-width":1536,"1536x1536-height":800,"2048x2048":"https:\/\/www.lang-und-heyne.de\/dateien\/2023\/06\/LH_404_Revision_Seite-nicht-gefunden.webp","2048x2048-width":1920,"2048x2048-height":1000,"post-thumbnail":"https:\/\/www.lang-und-heyne.de\/dateien\/2023\/06\/LH_404_Revision_Seite-nicht-gefunden-150x150.webp","post-thumbnail-width":150,"post-thumbnail-height":150,"wide":"https:\/\/www.lang-und-heyne.de\/dateien\/2023\/06\/LH_404_Revision_Seite-nicht-gefunden-1400x729.webp","wide-width":1400,"wide-height":729}},"video":false,"texte":{"text":"Son las 4:04 en punto","subline":"Es el momento de algo nuevo"}}]},"wpml_current_locale":"es_ES","wpml_translations":{"en_US":{"locale":"en_US","id":3738,"slug":"404-2","post_title":"404","href":"https:\/\/www.lang-und-heyne.de\/en\/404-2\/"},"de_DE":{"locale":"de_DE","id":3138,"slug":"404-2","post_title":"404","href":"https:\/\/www.lang-und-heyne.de\/404-2\/"},"fr_FR":{"locale":"fr_FR","id":7546,"slug":"404-2","post_title":"404","href":"https:\/\/www.lang-und-heyne.de\/fr\/404-2\/"},"ja":{"locale":"ja","id":4580,"slug":"404-2","post_title":"404","href":"https:\/\/www.lang-und-heyne.de\/ja\/404-2\/"},"zh_CN":{"locale":"zh_CN","id":4164,"slug":"404-2","post_title":"404","href":"https:\/\/www.lang-und-heyne.de\/zh-hans\/404-2\/"}},"_links":{"self":[{"href":"https:\/\/www.lang-und-heyne.de\/es\/wp-json\/wp\/v2\/pages\/7549","targetHints":{"allow":["GET"]}}],"collection":[{"href":"https:\/\/www.lang-und-heyne.de\/es\/wp-json\/wp\/v2\/pages"}],"about":[{"href":"https:\/\/www.lang-und-heyne.de\/es\/wp-json\/wp\/v2\/types\/page"}],"author":[{"embeddable":true,"href":"https:\/\/www.lang-und-heyne.de\/es\/wp-json\/wp\/v2\/users\/2"}],"replies":[{"embeddable":true,"href":"https:\/\/www.lang-und-heyne.de\/es\/wp-json\/wp\/v2\/comments?post=7549"}],"version-history":[{"count":1,"href":"https:\/\/www.lang-und-heyne.de\/es\/wp-json\/wp\/v2\/pages\/7549\/revisions"}],"predecessor-version":[{"id":8716,"href":"https:\/\/www.lang-und-heyne.de\/es\/wp-json\/wp\/v2\/pages\/7549\/revisions\/8716"}],"wp:attachment":[{"href":"https:\/\/www.lang-und-heyne.de\/es\/wp-json\/wp\/v2\/media?parent=7549"}],"curies":[{"name":"wp","href":"https:\/\/api.w.org\/{rel}","templated":true}]}}

Estábamos en revisión para seguir ofreciéndote información y funciones tan precisas como nuestros relojes.

Como en un reloj mecánico, a veces se requieren pequeños ajustes para garantizar la perfecta armonía entre engranajes y funciones.<br>Gracias a nuestra “revisión general”, ahora podrás descubrir nuestro sitio web en un nuevo formato. Por ello, este enlace ya no está disponible.

Explora la precisión, la artesanía y la pasión que dan vida a los relojes de alta gama de Lang & Heyne.

Colección

Experimenta la elegancia atemporal y la artesanía de nuestra colección.
