{"id":7899,"date":"2023-04-26T12:22:01","date_gmt":"2023-04-26T10:22:01","guid":{"rendered":"https:\/\/www.lang-und-heyne.de\/contacta-con-nosotros\/"},"modified":"2023-04-26T12:22:01","modified_gmt":"2023-04-26T10:22:01","slug":"contacta-con-nosotros","status":"publish","type":"page","link":"https:\/\/www.lang-und-heyne.de\/es\/contacta-con-nosotros\/","title":{"rendered":"Contacta con nosotros"},"content":{"rendered":"","protected":false},"excerpt":{"rendered":"","protected":false},"author":2,"featured_media":0,"parent":0,"menu_order":124,"comment_status":"closed","ping_status":"closed","template":"","meta":{"_acf_changed":false,"footnotes":""},"class_list":["post-7899","page","type-page","status-publish","hentry"],"acf":{"start":[{"acf_fc_layout":"textbild","header":"El Camino Hacia Nosotros","anchor":true,"order":true,"bigtext":false,"bild":{"ID":7904,"id":7904,"title":"LH_Anfahrtskarte_Dresden","filename":"LH_Anfahrtskarte_Dresden-1.jpg","filesize":354881,"url":"https:\/\/www.lang-und-heyne.de\/dateien\/2023\/05\/LH_Anfahrtskarte_Dresden-1.jpg","link":"https:\/\/www.lang-und-heyne.de\/es\/contacta-con-nosotros\/lh_anfahrtskarte_dresden-3\/","alt":"","author":"2","description":"","caption":"","name":"lh_anfahrtskarte_dresden-3","status":"inherit","uploaded_to":7899,"date":"2023-05-09 08:26:12","modified":"2023-05-09 08:26:12","menu_order":0,"mime_type":"image\/jpeg","type":"image","subtype":"jpeg","icon":"https:\/\/www.lang-und-heyne.de\/wp-includes\/images\/media\/default.png","width":1131,"height":798,"sizes":{"thumbnail":"https:\/\/www.lang-und-heyne.de\/dateien\/2023\/05\/LH_Anfahrtskarte_Dresden-1-150x150.jpg","thumbnail-width":150,"thumbnail-height":150,"medium":"https:\/\/www.lang-und-heyne.de\/dateien\/2023\/05\/LH_Anfahrtskarte_Dresden-1-300x212.jpg","medium-width":300,"medium-height":212,"medium_large":"https:\/\/www.lang-und-heyne.de\/dateien\/2023\/05\/LH_Anfahrtskarte_Dresden-1-768x542.jpg","medium_large-width":768,"medium_large-height":542,"large":"https:\/\/www.lang-und-heyne.de\/dateien\/2023\/05\/LH_Anfahrtskarte_Dresden-1-1024x723.jpg","large-width":1024,"large-height":723,"1536x1536":"https:\/\/www.lang-und-heyne.de\/dateien\/2023\/05\/LH_Anfahrtskarte_Dresden-1.jpg","1536x1536-width":1131,"1536x1536-height":798,"2048x2048":"https:\/\/www.lang-und-heyne.de\/dateien\/2023\/05\/LH_Anfahrtskarte_Dresden-1.jpg","2048x2048-width":1131,"2048x2048-height":798,"post-thumbnail":"https:\/\/www.lang-und-heyne.de\/dateien\/2023\/05\/LH_Anfahrtskarte_Dresden-1-150x150.jpg","post-thumbnail-width":150,"post-thumbnail-height":150,"wide":"https:\/\/www.lang-und-heyne.de\/dateien\/2023\/05\/LH_Anfahrtskarte_Dresden-1.jpg","wide-width":1131,"wide-height":798}},"sub":"","text":"Tempus Arte GmbH & Co KG - Lang & Heyne<br \/>\nUllersdorfer M\u00fchle 2<br \/>\n01454 Radeberg<br \/>\nAlemania<br \/>\n<a href=\"tel:+4935121293660\">+49 351 212936-60<\/a><br \/>\n<a href=\"mailto:info@langheyne.de?subject=Anfrage\">info@langheyne.de<\/a>","link":"","target":"","zusatzbild":false,"bild2":false,"ausrichtung":false,"sub2":""},{"acf_fc_layout":"textbild","header":"Visitas Guiadas","anchor":true,"order":false,"bigtext":false,"bild":{"ID":7902,"id":7902,"title":"LH_Fuehrungen","filename":"LH_Fuehrungen.jpg","filesize":295028,"url":"https:\/\/www.lang-und-heyne.de\/dateien\/2023\/04\/LH_Fuehrungen.jpg","link":"https:\/\/www.lang-und-heyne.de\/es\/contacta-con-nosotros\/lh_fuehrungen-2\/","alt":"","author":"2","description":"","caption":"","name":"lh_fuehrungen-2","status":"inherit","uploaded_to":7899,"date":"2023-04-26 12:20:28","modified":"2023-04-26 12:20:28","menu_order":0,"mime_type":"image\/jpeg","type":"image","subtype":"jpeg","icon":"https:\/\/www.lang-und-heyne.de\/wp-includes\/images\/media\/default.png","width":1000,"height":705,"sizes":{"thumbnail":"https:\/\/www.lang-und-heyne.de\/dateien\/2023\/04\/LH_Fuehrungen-150x150.jpg","thumbnail-width":150,"thumbnail-height":150,"medium":"https:\/\/www.lang-und-heyne.de\/dateien\/2023\/04\/LH_Fuehrungen-300x212.jpg","medium-width":300,"medium-height":212,"medium_large":"https:\/\/www.lang-und-heyne.de\/dateien\/2023\/04\/LH_Fuehrungen-768x541.jpg","medium_large-width":768,"medium_large-height":541,"large":"https:\/\/www.lang-und-heyne.de\/dateien\/2023\/04\/LH_Fuehrungen.jpg","large-width":1000,"large-height":705,"1536x1536":"https:\/\/www.lang-und-heyne.de\/dateien\/2023\/04\/LH_Fuehrungen.jpg","1536x1536-width":1000,"1536x1536-height":705,"2048x2048":"https:\/\/www.lang-und-heyne.de\/dateien\/2023\/04\/LH_Fuehrungen.jpg","2048x2048-width":1000,"2048x2048-height":705,"post-thumbnail":"https:\/\/www.lang-und-heyne.de\/dateien\/2023\/04\/LH_Fuehrungen-150x150.jpg","post-thumbnail-width":150,"post-thumbnail-height":150,"wide":"https:\/\/www.lang-und-heyne.de\/dateien\/2023\/04\/LH_Fuehrungen.jpg","wide-width":1000,"wide-height":705}},"sub":"","text":"Cerca de los relojeros de la empresa, cerca de nuestros procesos de fabricaci\u00f3n, adquirir\u00e1s conocimientos que se te quedar\u00e1n grabados en la cabeza. Esperamos tu visita.   <br \/>\n<br \/>\n<strong>Fechas para 2025, 2 p.m.<\/strong><br \/>\n21. Marzo de 2025<br \/>\n16 de mayo de 2025<br \/>\n22 de agosto de 2025<br \/>\n7 de noviembre de 2025<br \/>\n<br \/>\nVenta anticipada de entradas (sin reservas) en <a href=\"mailto:VIP@langheyne.de?subject=Terminvereinbarung%20Manufakturf%C3%BChrung\">VIP@langheyne.de<\/a>","link":"Venta anticipada de entradas (sin reservas) en","target":"","zusatzbild":false,"bild2":false,"ausrichtung":false,"sub2":""},{"acf_fc_layout":"textbild","header":"Carrera Profesional","anchor":true,"order":true,"bigtext":false,"bild":{"ID":7903,"id":7903,"title":"LH_Karriere","filename":"LH_Karriere.jpg","filesize":217863,"url":"https:\/\/www.lang-und-heyne.de\/dateien\/2023\/04\/LH_Karriere.jpg","link":"https:\/\/www.lang-und-heyne.de\/es\/contacta-con-nosotros\/lh_karriere-2\/","alt":"","author":"2","description":"","caption":"","name":"lh_karriere-2","status":"inherit","uploaded_to":7899,"date":"2023-04-26 12:45:31","modified":"2023-04-26 12:45:31","menu_order":0,"mime_type":"image\/jpeg","type":"image","subtype":"jpeg","icon":"https:\/\/www.lang-und-heyne.de\/wp-includes\/images\/media\/default.png","width":1000,"height":705,"sizes":{"thumbnail":"https:\/\/www.lang-und-heyne.de\/dateien\/2023\/04\/LH_Karriere-150x150.jpg","thumbnail-width":150,"thumbnail-height":150,"medium":"https:\/\/www.lang-und-heyne.de\/dateien\/2023\/04\/LH_Karriere-300x212.jpg","medium-width":300,"medium-height":212,"medium_large":"https:\/\/www.lang-und-heyne.de\/dateien\/2023\/04\/LH_Karriere-768x541.jpg","medium_large-width":768,"medium_large-height":541,"large":"https:\/\/www.lang-und-heyne.de\/dateien\/2023\/04\/LH_Karriere.jpg","large-width":1000,"large-height":705,"1536x1536":"https:\/\/www.lang-und-heyne.de\/dateien\/2023\/04\/LH_Karriere.jpg","1536x1536-width":1000,"1536x1536-height":705,"2048x2048":"https:\/\/www.lang-und-heyne.de\/dateien\/2023\/04\/LH_Karriere.jpg","2048x2048-width":1000,"2048x2048-height":705,"post-thumbnail":"https:\/\/www.lang-und-heyne.de\/dateien\/2023\/04\/LH_Karriere-150x150.jpg","post-thumbnail-width":150,"post-thumbnail-height":150,"wide":"https:\/\/www.lang-und-heyne.de\/dateien\/2023\/04\/LH_Karriere.jpg","wide-width":1000,"wide-height":705}},"sub":"","text":"Una plaza en nuestro equipo te invita a desarrollar tus habilidades mec\u00e1nicas de precisi\u00f3n, a trabajar creativamente en equipo en nuevos y ulteriores desarrollos y a realizar tu potencial individual. Las solicitudes son siempre bienvenidas. ","link":"A las ofertas de empleo","target":"https:\/\/www.lang-und-heyne.de\/karriere\/","zusatzbild":false,"bild2":false,"ausrichtung":false,"sub2":""},{"acf_fc_layout":"textbild","header":"Pulsa","anchor":true,"order":false,"bigtext":false,"bild":{"ID":7214,"id":7214,"title":"LH-Kachel-Presse-Neu","filename":"LH-Kachel-Presse-Neu.jpg","filesize":387327,"url":"https:\/\/www.lang-und-heyne.de\/dateien\/2024\/05\/LH-Kachel-Presse-Neu.jpg","link":"https:\/\/www.lang-und-heyne.de\/es\/servicio\/lh-kachel-presse-neu-2\/","alt":"","author":"5","description":"","caption":"","name":"lh-kachel-presse-neu-2","status":"inherit","uploaded_to":7208,"date":"2024-05-14 19:58:15","modified":"2024-05-14 19:58:15","menu_order":0,"mime_type":"image\/jpeg","type":"image","subtype":"jpeg","icon":"https:\/\/www.lang-und-heyne.de\/wp-includes\/images\/media\/default.png","width":1000,"height":705,"sizes":{"thumbnail":"https:\/\/www.lang-und-heyne.de\/dateien\/2024\/05\/LH-Kachel-Presse-Neu-150x150.jpg","thumbnail-width":150,"thumbnail-height":150,"medium":"https:\/\/www.lang-und-heyne.de\/dateien\/2024\/05\/LH-Kachel-Presse-Neu-300x212.jpg","medium-width":300,"medium-height":212,"medium_large":"https:\/\/www.lang-und-heyne.de\/dateien\/2024\/05\/LH-Kachel-Presse-Neu-768x541.jpg","medium_large-width":768,"medium_large-height":541,"large":"https:\/\/www.lang-und-heyne.de\/dateien\/2024\/05\/LH-Kachel-Presse-Neu.jpg","large-width":1000,"large-height":705,"1536x1536":"https:\/\/www.lang-und-heyne.de\/dateien\/2024\/05\/LH-Kachel-Presse-Neu.jpg","1536x1536-width":1000,"1536x1536-height":705,"2048x2048":"https:\/\/www.lang-und-heyne.de\/dateien\/2024\/05\/LH-Kachel-Presse-Neu.jpg","2048x2048-width":1000,"2048x2048-height":705,"post-thumbnail":"https:\/\/www.lang-und-heyne.de\/dateien\/2024\/05\/LH-Kachel-Presse-Neu-150x150.jpg","post-thumbnail-width":150,"post-thumbnail-height":150,"wide":"https:\/\/www.lang-und-heyne.de\/dateien\/2024\/05\/LH-Kachel-Presse-Neu.jpg","wide-width":1000,"wide-height":705}},"sub":"","text":"Compartimos un inter\u00e9s com\u00fan por los reportajes y la informaci\u00f3n sobre Lang & Heyne con periodistas y editores de medios de comunicaci\u00f3n. Se refieren a los resultados de nuevos y extraordinarios desarrollos de nuestra colecci\u00f3n, pero tambi\u00e9n a temas como los cambios en la empresa o nuestro compromiso social con la sociedad. Las consultas de los medios de comunicaci\u00f3n son la base de anuncios, art\u00edculos o comentarios.  ","link":"Nuestra gama de servicios","target":"https:\/\/www.lang-und-heyne.de\/es\/pulsa\/","zusatzbild":false,"bild2":false,"ausrichtung":false,"sub2":""}],"slide":[{"bild__video":true,"bild":{"ID":7900,"id":7900,"title":"LH_Kontakte_Header","filename":"LH_Kontakte_Header-1.jpg","filesize":987434,"url":"https:\/\/www.lang-und-heyne.de\/dateien\/2023\/04\/LH_Kontakte_Header-1.jpg","link":"https:\/\/www.lang-und-heyne.de\/es\/contacta-con-nosotros\/lh_kontakte_header-3\/","alt":"","author":"2","description":"","caption":"","name":"lh_kontakte_header-3","status":"inherit","uploaded_to":7899,"date":"2023-04-26 11:51:44","modified":"2023-04-26 11:51:44","menu_order":0,"mime_type":"image\/jpeg","type":"image","subtype":"jpeg","icon":"https:\/\/www.lang-und-heyne.de\/wp-includes\/images\/media\/default.png","width":1920,"height":1080,"sizes":{"thumbnail":"https:\/\/www.lang-und-heyne.de\/dateien\/2023\/04\/LH_Kontakte_Header-1-150x150.jpg","thumbnail-width":150,"thumbnail-height":150,"medium":"https:\/\/www.lang-und-heyne.de\/dateien\/2023\/04\/LH_Kontakte_Header-1-300x169.jpg","medium-width":300,"medium-height":169,"medium_large":"https:\/\/www.lang-und-heyne.de\/dateien\/2023\/04\/LH_Kontakte_Header-1-768x432.jpg","medium_large-width":768,"medium_large-height":432,"large":"https:\/\/www.lang-und-heyne.de\/dateien\/2023\/04\/LH_Kontakte_Header-1-1024x576.jpg","large-width":1024,"large-height":576,"1536x1536":"https:\/\/www.lang-und-heyne.de\/dateien\/2023\/04\/LH_Kontakte_Header-1-1536x864.jpg","1536x1536-width":1536,"1536x1536-height":864,"2048x2048":"https:\/\/www.lang-und-heyne.de\/dateien\/2023\/04\/LH_Kontakte_Header-1.jpg","2048x2048-width":1920,"2048x2048-height":1080,"post-thumbnail":"https:\/\/www.lang-und-heyne.de\/dateien\/2023\/04\/LH_Kontakte_Header-1-150x150.jpg","post-thumbnail-width":150,"post-thumbnail-height":150,"wide":"https:\/\/www.lang-und-heyne.de\/dateien\/2023\/04\/LH_Kontakte_Header-1-1400x788.jpg","wide-width":1400,"wide-height":788}},"video":false,"texte":{"text":"Una buena comunicaci\u00f3n es m\u00fasica para los sentidos.","subline":""}}]},"wpml_current_locale":"es_ES","wpml_translations":{"en_US":{"locale":"en_US","id":3020,"slug":"contact","post_title":"Contact","href":"https:\/\/www.lang-und-heyne.de\/en\/contact\/"},"de_DE":{"locale":"de_DE","id":1351,"slug":"kontakt","post_title":"Kontakt","href":"https:\/\/www.lang-und-heyne.de\/kontakt\/"},"fr_FR":{"locale":"fr_FR","id":8719,"slug":"contact","post_title":"Contact","href":"https:\/\/www.lang-und-heyne.de\/fr\/contact\/"},"ja":{"locale":"ja","id":3073,"slug":"contact","post_title":"\u30b3\u30f3\u30bf\u30af\u30c8","href":"https:\/\/www.lang-und-heyne.de\/ja\/contact\/"},"zh_CN":{"locale":"zh_CN","id":4309,"slug":"contact","post_title":"\u8054\u7cfb","href":"https:\/\/www.lang-und-heyne.de\/zh-hans\/contact\/"}},"_links":{"self":[{"href":"https:\/\/www.lang-und-heyne.de\/es\/wp-json\/wp\/v2\/pages\/7899","targetHints":{"allow":["GET"]}}],"collection":[{"href":"https:\/\/www.lang-und-heyne.de\/es\/wp-json\/wp\/v2\/pages"}],"about":[{"href":"https:\/\/www.lang-und-heyne.de\/es\/wp-json\/wp\/v2\/types\/page"}],"author":[{"embeddable":true,"href":"https:\/\/www.lang-und-heyne.de\/es\/wp-json\/wp\/v2\/users\/2"}],"replies":[{"embeddable":true,"href":"https:\/\/www.lang-und-heyne.de\/es\/wp-json\/wp\/v2\/comments?post=7899"}],"version-history":[{"count":0,"href":"https:\/\/www.lang-und-heyne.de\/es\/wp-json\/wp\/v2\/pages\/7899\/revisions"}],"wp:attachment":[{"href":"https:\/\/www.lang-und-heyne.de\/es\/wp-json\/wp\/v2\/media?parent=7899"}],"curies":[{"name":"wp","href":"https:\/\/api.w.org\/{rel}","templated":true}]}}

Tempus Arte GmbH & Co KG - Lang & Heyne<br />
Ullersdorfer Mühle 2<br />
01454 Radeberg<br />
Alemania<br />
<a href="tel:+4935121293660">+49 351 212936-60</a><br />
<a href="mailto:info@langheyne.de?subject=Anfrage">info@langheyne.de</a>

Cerca de los relojeros de la empresa, cerca de nuestros procesos de fabricación, adquirirás conocimientos que se te quedarán grabados en la cabeza. Esperamos tu visita.   <br />
<br />
<strong>Fechas para 2025, 2 p.m.</strong><br />
21. Marzo de 2025<br />
16 de mayo de 2025<br />
22 de agosto de 2025<br />
7 de noviembre de 2025<br />
<br />
Venta anticipada de entradas (sin reservas) en <a href="mailto:VIP@langheyne.de?subject=Terminvereinbarung%20Manufakturf%C3%BChrung">VIP@langheyne.de</a>

Una plaza en nuestro equipo te invita a desarrollar tus habilidades mecánicas de precisión, a trabajar creativamente en equipo en nuevos y ulteriores desarrollos y a realizar tu potencial individual. Las solicitudes son siempre bienvenidas.

Compartimos un interés común por los reportajes y la información sobre Lang & Heyne con periodistas y editores de medios de comunicación. Se refieren a los resultados de nuevos y extraordinarios desarrollos de nuestra colección, pero también a temas como los cambios en la empresa o nuestro compromiso social con la sociedad. Las consultas de los medios de comunicación son la base de anuncios, artículos o comentarios.

Una buena comunicación es música para los sentidos.

コンタクト

联系
