{"id":4222,"date":"2023-04-28T15:34:59","date_gmt":"2023-04-28T13:34:59","guid":{"rendered":"https:\/\/test.lang-und-heyne.de\/caliber\/caliber-iii\/"},"modified":"2023-06-28T14:46:38","modified_gmt":"2023-06-28T12:46:38","slug":"caliber-iii","status":"publish","type":"caliber","link":"https:\/\/www.lang-und-heyne.de\/zh-hans\/caliber\/caliber-iii\/","title":{"rendered":"Caliber III"},"content":{"rendered":"\n<hr class=\"wp-block-separator has-alpha-channel-opacity\"\/>\n","protected":false},"featured_media":0,"parent":0,"menu_order":25,"template":"","class_list":["post-4222","caliber","type-caliber","status-publish","hentry"],"acf":{"bild":{"ID":3633,"id":3633,"title":"LH_Caliber_III","filename":"LH_Caliber_III.jpg","filesize":657077,"url":"https:\/\/www.lang-und-heyne.de\/dateien\/2023\/04\/LH_Caliber_III.jpg","link":"https:\/\/www.lang-und-heyne.de\/zh-hans\/caliber\/caliber-iii\/lh_caliber_iii-2\/","alt":"","author":"2","description":"","caption":"","name":"lh_caliber_iii-2","status":"inherit","uploaded_to":4222,"date":"2023-05-04 12:00:53","modified":"2023-06-28 12:46:38","menu_order":0,"mime_type":"image\/jpeg","type":"image","subtype":"jpeg","icon":"https:\/\/www.lang-und-heyne.de\/wp-includes\/images\/media\/default.png","width":1280,"height":1130,"sizes":{"thumbnail":"https:\/\/www.lang-und-heyne.de\/dateien\/2023\/04\/LH_Caliber_III-150x150.jpg","thumbnail-width":150,"thumbnail-height":150,"medium":"https:\/\/www.lang-und-heyne.de\/dateien\/2023\/04\/LH_Caliber_III-300x265.jpg","medium-width":300,"medium-height":265,"medium_large":"https:\/\/www.lang-und-heyne.de\/dateien\/2023\/04\/LH_Caliber_III-768x678.jpg","medium_large-width":768,"medium_large-height":678,"large":"https:\/\/www.lang-und-heyne.de\/dateien\/2023\/04\/LH_Caliber_III-1024x904.jpg","large-width":1024,"large-height":904,"1536x1536":"https:\/\/www.lang-und-heyne.de\/dateien\/2023\/04\/LH_Caliber_III.jpg","1536x1536-width":1280,"1536x1536-height":1130,"2048x2048":"https:\/\/www.lang-und-heyne.de\/dateien\/2023\/04\/LH_Caliber_III.jpg","2048x2048-width":1280,"2048x2048-height":1130,"post-thumbnail":"https:\/\/www.lang-und-heyne.de\/dateien\/2023\/04\/LH_Caliber_III-150x150.jpg","post-thumbnail-width":150,"post-thumbnail-height":150,"wide":"https:\/\/www.lang-und-heyne.de\/dateien\/2023\/04\/LH_Caliber_III.jpg","wide-width":1280,"wide-height":1130}},"info":"Die Mondphase zeigt sich in der kleinen Sekunde, gegen\u00fcber der Deklinationswinkel bei 12 Uhr. Die Erd- und Mondscheibe sind in Gold gefr\u00e4st und in Champlev\u00e9-Technik farbig emailliert. Das Datum und der Wochentag liegen bei 3 Uhr, der mitlaufende Monat symmetrisch dazu bei 9 Uhr. Die springende Datumsschaltung von Datum und Wochentag wird in der null-Uhr-Zeigerstellung ausgel\u00f6st. Komplettiert wird das Modell durch die Tag- und Nachtanzeige nahe dem Zentrum in einem polierten Goldchaton.","exploded":{"ID":3634,"id":3634,"title":"LH_Caliber_III_Explosionszeichnung","filename":"LH_Caliber_III_Explosionszeichnung.jpg","filesize":289064,"url":"https:\/\/www.lang-und-heyne.de\/dateien\/2023\/04\/LH_Caliber_III_Explosionszeichnung.jpg","link":"https:\/\/www.lang-und-heyne.de\/zh-hans\/caliber\/caliber-iii\/lh_caliber_iii_explosionszeichnung-2\/","alt":"","author":"2","description":"","caption":"","name":"lh_caliber_iii_explosionszeichnung-2","status":"inherit","uploaded_to":4222,"date":"2023-05-04 12:01:06","modified":"2023-06-28 12:46:38","menu_order":0,"mime_type":"image\/jpeg","type":"image","subtype":"jpeg","icon":"https:\/\/www.lang-und-heyne.de\/wp-includes\/images\/media\/default.png","width":720,"height":2168,"sizes":{"thumbnail":"https:\/\/www.lang-und-heyne.de\/dateien\/2023\/04\/LH_Caliber_III_Explosionszeichnung-150x150.jpg","thumbnail-width":150,"thumbnail-height":150,"medium":"https:\/\/www.lang-und-heyne.de\/dateien\/2023\/04\/LH_Caliber_III_Explosionszeichnung-100x300.jpg","medium-width":100,"medium-height":300,"medium_large":"https:\/\/www.lang-und-heyne.de\/dateien\/2023\/04\/LH_Caliber_III_Explosionszeichnung.jpg","medium_large-width":720,"medium_large-height":2168,"large":"https:\/\/www.lang-und-heyne.de\/dateien\/2023\/04\/LH_Caliber_III_Explosionszeichnung-340x1024.jpg","large-width":340,"large-height":1024,"1536x1536":"https:\/\/www.lang-und-heyne.de\/dateien\/2023\/04\/LH_Caliber_III_Explosionszeichnung-510x1536.jpg","1536x1536-width":510,"1536x1536-height":1536,"2048x2048":"https:\/\/www.lang-und-heyne.de\/dateien\/2023\/04\/LH_Caliber_III_Explosionszeichnung-680x2048.jpg","2048x2048-width":680,"2048x2048-height":2048,"post-thumbnail":"https:\/\/www.lang-und-heyne.de\/dateien\/2023\/04\/LH_Caliber_III_Explosionszeichnung-150x150.jpg","post-thumbnail-width":150,"post-thumbnail-height":150,"wide":"https:\/\/www.lang-und-heyne.de\/dateien\/2023\/04\/LH_Caliber_III_Explosionszeichnung.jpg","wide-width":720,"wide-height":2168}},"details":{"size":"\u76f4\u5f8436.6\u2009mm<br \/>\r\n\u9ad8\u5ea67.1\u2009mm","frequency":"\u6bcf\u5c0f\u65f618,000\u632f\u52a8\uff082.5\u8d6b\u5179\uff09<br \/>\r\n\u52a8\u529b\u50a8\u5b5846\u5c0f\u65f6","parts":"\u603b\u8ba1216\u4e2a\u96f6\u4ef6\uff08\u5305\u62ec\u6708\u76f8\u3001\u5730\u7403\u548c\u661f\u671f\u76d8\uff09<br \/>\r\n19\u9897\u7ea2\u5b9d\u77f3\uff0c1\u9897\u660e\u4eae\u578b\u5207\u5272\u94bb\u77f3","functions":"\u504f\u5fc3\u79d2\u9488\u4f4d\u4e8e 6 \u70b9\u949f\u4f4d\u7f6e\uff0c\u65e5\u671f-\u661f\u671f\u4f4d\u4e8e 3 \u70b9\u949f\u4f4d\u7f6e\uff0c\u6708\u76f8\u4f4d\u4e8e 6 \u70b9\u949f\u4f4d\u7f6e\uff0c\u6708\u4efd\u4f4d\u4e8e 9 \u70b9\u949f\u4f4d\u7f6e\uff0c\u663c\/\u591c\u663e\u793a\u4f4d\u4e8e 4 \u70b9\u949f\u4f4d\u7f6e\uff0c\u8d64\u7eac\u89d2\u4f4d\u4e8e 12 \u70b9\u949f\u4f4d\u7f6e \u70b9\u949f"},"extrainfo":{"header":"\u8d64\u7eac\u89d2\u2014\u2014\u663e\u793a\u5730\u7403\u503e\u659c\u89d2\u5ea6","text":"\u662f\u4ec0\u4e48\u5bfc\u81f4\u5b63\u8282\u6216\u663c\u591c\u957f\u77ed\u4e0d\u540c\uff1f\u65e5\u51fa\u548c\u65e5\u843d\u4ee5\u53ca\u65f6\u95f4\u7b49\u5f0f\u7684\u663e\u793a\u662f\u4f17\u6240\u5468\u77e5\u7684\u3002\u8fd9\u4e9b\u90fd\u662f\u57fa\u4e8e\u592a\u9633\u5149\u7ebf\u7167\u5c04\u5730\u7403\u8868\u9762\u7684\u4e0d\u540c\u89d2\u5ea6\u3002\u5730\u7403\u81ea\u8f6c\u8f74\u4e0e\u9ec4\u9053\u7684\u503e\u89d2\u4e3a 23.5 \u5ea6\uff0c\u518d\u52a0\u4e0a\u5730\u7403\u56f4\u7ed5\u592a\u9633\u7684\u8f68\u9053\uff0c\u5bfc\u81f4\u9633\u5149\u5728\u67d0\u4e9b\u65f6\u5019\u843d\u5728\u5317\u534a\u7403\u7684\u65f6\u95f4\u8f83\u957f\uff0c\u6709\u4e9b\u65f6\u5019\u5219\u662f\u843d\u5728\u5357\u534a\u7403\u7684\u65f6\u95f4\u8f83\u957f\u3002 Lang & Heyne \u5728\u5168\u7403\u8303\u56f4\u5185\u9996\u6b21\u5c55\u793a\u4e86\u592a\u9633\u5149\u7ebf\u7167\u5c04\u5230\u5730\u7403\u8d64\u9053\u7684\u89d2\u5ea6\uff0c\u5373\u8d64\u7eac\u89d2\u3002\u5730\u7403\u7684\u5b63\u8282\u8868\u73b0\u7531\u51f8\u8f6e\u76d8\u63a7\u5236\u3002\u73d0\u7405\u5236\u6210\u7684\u5730\u7403\u5706\u76d8\u6709\u4e09\u79cd\u6b3e\u5f0f\u53ef\u4f9b\u9009\u62e9\u3002","bild":{"ID":3636,"id":3636,"title":"LH_Moritz_Deklination-Prinzip","filename":"LH_Moritz_Deklination-Prinzip.gif","filesize":3776724,"url":"https:\/\/www.lang-und-heyne.de\/dateien\/2023\/04\/LH_Moritz_Deklination-Prinzip.gif","link":"https:\/\/www.lang-und-heyne.de\/zh-hans\/caliber\/caliber-iii\/lh_moritz_deklination-prinzip-2\/","alt":"","author":"2","description":"","caption":"","name":"lh_moritz_deklination-prinzip-2","status":"inherit","uploaded_to":4222,"date":"2023-05-11 14:08:06","modified":"2023-06-28 12:46:38","menu_order":0,"mime_type":"image\/gif","type":"image","subtype":"gif","icon":"https:\/\/www.lang-und-heyne.de\/wp-includes\/images\/media\/default.png","width":500,"height":400,"sizes":{"thumbnail":"https:\/\/www.lang-und-heyne.de\/dateien\/2023\/04\/LH_Moritz_Deklination-Prinzip-150x150.gif","thumbnail-width":150,"thumbnail-height":150,"medium":"https:\/\/www.lang-und-heyne.de\/dateien\/2023\/04\/LH_Moritz_Deklination-Prinzip-300x240.gif","medium-width":300,"medium-height":240,"medium_large":"https:\/\/www.lang-und-heyne.de\/dateien\/2023\/04\/LH_Moritz_Deklination-Prinzip.gif","medium_large-width":500,"medium_large-height":400,"large":"https:\/\/www.lang-und-heyne.de\/dateien\/2023\/04\/LH_Moritz_Deklination-Prinzip.gif","large-width":500,"large-height":400,"1536x1536":"https:\/\/www.lang-und-heyne.de\/dateien\/2023\/04\/LH_Moritz_Deklination-Prinzip.gif","1536x1536-width":500,"1536x1536-height":400,"2048x2048":"https:\/\/www.lang-und-heyne.de\/dateien\/2023\/04\/LH_Moritz_Deklination-Prinzip.gif","2048x2048-width":500,"2048x2048-height":400,"post-thumbnail":"https:\/\/www.lang-und-heyne.de\/dateien\/2023\/04\/LH_Moritz_Deklination-Prinzip-150x150.gif","post-thumbnail-width":150,"post-thumbnail-height":150,"wide":"https:\/\/www.lang-und-heyne.de\/dateien\/2023\/04\/LH_Moritz_Deklination-Prinzip.gif","wide-width":500,"wide-height":400}},"bildposition":true,"linktext":"\u4e86\u89e3\u66f4\u591a","target":""}},"wpml_current_locale":"zh_CN","wpml_translations":{"en_US":{"locale":"en_US","id":3632,"slug":"caliber-iii","post_title":"Caliber III","href":"https:\/\/www.lang-und-heyne.de\/en\/caliber\/caliber-iii\/"},"de_DE":{"locale":"de_DE","id":1444,"slug":"caliber-iii","post_title":"Caliber III","href":"https:\/\/www.lang-und-heyne.de\/caliber\/caliber-iii\/"},"fr_FR":{"locale":"fr_FR","id":8328,"slug":"caliber-iii","post_title":"Caliber III","href":"https:\/\/www.lang-und-heyne.de\/fr\/caliber\/caliber-iii\/"},"es_ES":{"locale":"es_ES","id":8551,"slug":"calibre-iii","post_title":"Calibre III","href":"https:\/\/www.lang-und-heyne.de\/es\/caliber\/calibre-iii\/"},"ja":{"locale":"ja","id":3175,"slug":"caliber-iii","post_title":"\u30ad\u30e3\u30ea\u30d0\u30fcIII","href":"https:\/\/www.lang-und-heyne.de\/ja\/caliber\/caliber-iii\/"}},"_links":{"self":[{"href":"https:\/\/www.lang-und-heyne.de\/zh-hans\/wp-json\/wp\/v2\/caliber\/4222","targetHints":{"allow":["GET"]}}],"collection":[{"href":"https:\/\/www.lang-und-heyne.de\/zh-hans\/wp-json\/wp\/v2\/caliber"}],"about":[{"href":"https:\/\/www.lang-und-heyne.de\/zh-hans\/wp-json\/wp\/v2\/types\/caliber"}],"version-history":[{"count":1,"href":"https:\/\/www.lang-und-heyne.de\/zh-hans\/wp-json\/wp\/v2\/caliber\/4222\/revisions"}],"predecessor-version":[{"id":4223,"href":"https:\/\/www.lang-und-heyne.de\/zh-hans\/wp-json\/wp\/v2\/caliber\/4222\/revisions\/4223"}],"wp:attachment":[{"href":"https:\/\/www.lang-und-heyne.de\/zh-hans\/wp-json\/wp\/v2\/media?parent=4222"}],"curies":[{"name":"wp","href":"https:\/\/api.w.org\/{rel}","templated":true}]}}

Die Mondphase zeigt sich in der kleinen Sekunde, gegenüber der Deklinationswinkel bei 12 Uhr. Die Erd- und Mondscheibe sind in Gold gefräst und in Champlevé-Technik farbig emailliert. Das Datum und der Wochentag liegen bei 3 Uhr, der mitlaufende Monat symmetrisch dazu bei 9 Uhr. Die springende Datumsschaltung von Datum und Wochentag wird in der null-Uhr-Zeigerstellung ausgelöst. Komplettiert wird das Modell durch die Tag- und Nachtanzeige nahe dem Zentrum in einem polierten Goldchaton.

直径36.6 mm<br />
高度7.1 mm

每小时18,000振动（2.5赫兹）<br />
动力储存46小时

总计216个零件（包括月相、地球和星期盘）<br />
19颗红宝石，1颗明亮型切割钻石

偏心秒针位于 6 点钟位置，日期-星期位于 3 点钟位置，月相位于 6 点钟位置，月份位于 9 点钟位置，昼/夜显示位于 4 点钟位置，赤纬角位于 12 点钟位置 点钟

赤纬角——显示地球倾斜角度

是什么导致季节或昼夜长短不同？日出和日落以及时间等式的显示是众所周知的。这些都是基于太阳光线照射地球表面的不同角度。地球自转轴与黄道的倾角为 23.5 度，再加上地球围绕太阳的轨道，导致阳光在某些时候落在北半球的时间较长，有些时候则是落在南半球的时间较长。 Lang & Heyne 在全球范围内首次展示了太阳光线照射到地球赤道的角度，即赤纬角。地球的季节表现由凸轮盘控制。珐琅制成的地球圆盘有三种款式可供选择。

了解更多

キャリバーIII
